{"id":108,"date":"2019-10-19T00:30:01","date_gmt":"2019-10-18T22:30:01","guid":{"rendered":"https:\/\/mikolowkamionka.pl\/?page_id=108"},"modified":"2020-01-21T10:04:31","modified_gmt":"2020-01-21T09:04:31","slug":"terminy","status":"publish","type":"page","link":"https:\/\/mikolowkamionka.pl\/?page_id=108","title":{"rendered":"TERMINY"},"content":{"rendered":"\t\t<div data-elementor-type=\"wp-page\" data-elementor-id=\"108\" class=\"elementor elementor-108\">\n\t\t\t\t\t\t\t\t\t<section class=\"elementor-section elementor-top-section elementor-element elementor-element-d7b5d2b elementor-section-boxed elementor-section-height-default elementor-section-height-default\" data-id=\"d7b5d2b\" data-element_type=\"section\">\n\t\t\t\t\t\t<div class=\"elementor-container elementor-column-gap-default\">\n\t\t\t\t\t<div class=\"elementor-column elementor-col-100 elementor-top-column elementor-element elementor-element-38b7319\" data-id=\"38b7319\" data-element_type=\"column\">\n\t\t\t<div class=\"elementor-widget-wrap elementor-element-populated\">\n\t\t\t\t\t\t\t\t<div class=\"elementor-element elementor-element-180c0be elementor-widget elementor-widget-text-editor\" data-id=\"180c0be\" data-element_type=\"widget\" data-widget_type=\"text-editor.default\">\n\t\t\t\t<div class=\"elementor-widget-container\">\n\t\t\t\t\t\t\t<table width=\"567\"><tbody><tr><td colspan=\"4\" width=\"567\">TERMINARZ RADY DZIELNICY KAMIONKA w Miko\u0142owie na rok 2019\/2020<\/td><\/tr><tr><td>lp.<\/td><td>data<\/td><td>godzina<\/td><td>WYDARZENIE<\/td><\/tr><tr><td rowspan=\"2\">czerwiec<\/td><td>07.06.2019<\/td><td>18.00<\/td><td>POSIEDZENIE RADY DZIELNICY\u00a0<\/td><\/tr><tr><td>13.06.2019<\/td><td>19.00<\/td><td>POSIEDZENIE RADY DZIELNICY\u00a0<\/td><\/tr><tr><td>lipiec<\/td><td>22.07.2019<\/td><td>19.00<\/td><td>POSIEDZENIE RADY DZIELNICY\u00a0<\/td><\/tr><tr><td rowspan=\"2\">sierpie\u0144<\/td><td>05.08.2019<\/td><td>17.30<\/td><td>DY\u017bUR ZARZ\u0104DU DZIELNICY<\/td><\/tr><tr><td>31.08.2019<\/td><td>17.00<\/td><td>FESTYN na zako\u0144czenie lata na &#8220;Ska\u0142ce&#8221;<\/td><\/tr><tr><td rowspan=\"5\">wrzesie\u0144<\/td><td>02.09.2019<\/td><td>17.30<\/td><td>DY\u017bUR ZARZ\u0104DU DZIELNICY<\/td><\/tr><tr><td>13.09.2019<\/td><td>19.00<\/td><td>POSIEDZENIE RADY DZIELNICY\u00a0<\/td><\/tr><tr><td>14.09.2019<\/td><td>16.00<\/td><td>FESTYN PARAFIALNY<\/td><\/tr><tr><td>17.09.2019<\/td><td>\u00a0<\/td><td>WYCIECZKA DLA SENIOR\u00d3W<\/td><\/tr><tr><td>29.09.2019<\/td><td>10.00<\/td><td>SPRZ\u0104TANIE KAMIONKI<\/td><\/tr><tr><td rowspan=\"3\">pa\u017adziernik<\/td><td>07.10.2019<\/td><td>17.30<\/td><td>DY\u017bUR ZARZ\u0104DU DZIELNICY<\/td><\/tr><tr><td>08.10.2019<\/td><td>\u00a0<\/td><td>PRZYGOTOWANIE KALENDARZA na rok 2020<\/td><\/tr><tr><td>10.10.2019<\/td><td>19.00<\/td><td>POSIEDZENIE RADY DZIELNICY\u00a0<\/td><\/tr><tr><td rowspan=\"3\">listopad<\/td><td>04.11.2019<\/td><td>17.30<\/td><td>DY\u017bUR ZARZ\u0104DU DZIELNICY<\/td><\/tr><tr><td>14.11.2019<\/td><td>19.00<\/td><td>POSIEDZENIE RADY DZIELNICY\u00a0<\/td><\/tr><tr><td>23.11.2019<\/td><td>19.00<\/td><td>ANDRZEJKI Z KS KAMIONKA<\/td><\/tr><tr><td rowspan=\"7\">grudzie\u0144<\/td><td>02.12.2019<\/td><td>17.30<\/td><td>DY\u017bUR ZARZ\u0104DU DZIELNICY<\/td><\/tr><tr><td>05.12.2019<\/td><td>9.30-13.00<\/td><td width=\"327\">MIKO\u0141AJKOWA NIESPODZIANKA dla dzieci szkolnych i przedzszkolnych<\/td><\/tr><tr><td>06.12.2019<\/td><td>17.00<\/td><td>MIKO\u0141AJ z KS KAMIONKA<\/td><\/tr><tr><td>12.12.2019<\/td><td>19.00<\/td><td>POSIEDZENIE RADY DZIELNICY\u00a0<\/td><\/tr><tr><td>14.12.2019<\/td><td>18.30<\/td><td>WIGILIA RADY DZIELNICY<\/td><\/tr><tr><td>23.12.2019<\/td><td>12.00<\/td><td>DEKORACJA KO\u015aCIO\u0141A \u015bw. Urbana NA PASTERK\u0118<\/td><\/tr><tr><td>31.12.2019<\/td><td>20.00<\/td><td>SYLWESTER W PLENERZE<\/td><\/tr><tr><td rowspan=\"2\">stycze\u0144<\/td><td>07.01.2020<\/td><td>17.30<\/td><td>DY\u017bUR ZARZ\u0104DU DZIELNICY<\/td><\/tr><tr><td>09.01.2020<\/td><td>19.00<\/td><td>POSIEDZENIE RADY DZIELNICY\u00a0<\/td><\/tr><tr><td rowspan=\"3\">luty<\/td><td>01.02.2020<\/td><td>18.00-23.00<\/td><td>KARNAWA\u0141OWE DISCO DLA SENIOR\u00d3W<\/td><\/tr><tr><td>03.02.2020<\/td><td>17.30<\/td><td>DY\u017bUR ZARZ\u0104DU\u00a0 DZIELNICY<\/td><\/tr><tr><td>12.02.2020<\/td><td>18.00<\/td><td>ZEBRANIE SPRAWOZDAWCZE Z MIESZKA\u0143CAMI KAMIONKI\u00a0<\/td><\/tr><tr><td rowspan=\"2\">marzec<\/td><td>03.03.2020<\/td><td>17.30<\/td><td>DY\u017bUR ZARZ\u0104DU DZIELNICY<\/td><\/tr><tr><td>12.03.2020<\/td><td>19.00<\/td><td>POSIEDZENIE RADY DZIELNICY\u00a0<\/td><\/tr><tr><td rowspan=\"3\">kwiecie\u0144<\/td><td>06.04.2020<\/td><td>17.30<\/td><td>DY\u017bUR ZARZ\u0104DU RADY DZIELNICY<\/td><\/tr><tr><td>16.04.2020<\/td><td>19.00<\/td><td>POSIEDZENIE RADY DZIELNICY\u00a0<\/td><\/tr><tr><td>\u00a0<\/td><td>\u00a0<\/td><td>ZLOT MOTOCYKLOWY &#8220;Na Ska\u0142ce&#8221;<\/td><\/tr><tr><td rowspan=\"2\">maj<\/td><td>04.05.2020<\/td><td>17.30<\/td><td>DY\u017bUR ZARZ\u0104DU DZIELNICY<\/td><\/tr><tr><td>14.05.2020<\/td><td>19.00<\/td><td>POSIEDZENIE RADY DZIELNICY\u00a0<\/td><\/tr><tr><td rowspan=\"3\">czerwiec<\/td><td>01.06.2020<\/td><td>17.30<\/td><td>DY\u017bUR ZARZ\u0104DU DZIELNICY<\/td><\/tr><tr><td>10.06.2020<\/td><td>19.00<\/td><td>DEKORACJA O\u0141TARZA NA BO\u017bE CIA\u0141O<\/td><\/tr><tr><td>18.06.2020<\/td><td>19.00<\/td><td>POSIEDZENIE RADY DZIELNICY\u00a0<\/td><\/tr><\/tbody><\/table>\t\t\t\t\t\t<\/div>\n\t\t\t\t<\/div>\n\t\t\t\t\t<\/div>\n\t\t<\/div>\n\t\t\t\t\t\t\t<\/div>\n\t\t<\/section>\n\t\t\t\t\t\t\t<\/div>\n\t\t","protected":false},"excerpt":{"rendered":"<p>TERMINARZ RADY DZIELNICY KAMIONKA w Miko\u0142owie na rok 2019\/2020 lp. data godzina WYDARZENIE czerwiec 07.06.2019 18.00 POSIEDZENIE RADY DZIELNICY\u00a0 13.06.2019 19.00 POSIEDZENIE RADY DZIELNICY\u00a0 lipiec 22.07.2019 19.00 POSIEDZENIE RADY DZIELNICY\u00a0 sierpie\u0144 05.08.2019 17.30 DY\u017bUR ZARZ\u0104DU DZIELNICY 31.08.2019 17.00 FESTYN na zako\u0144czenie lata na &#8220;Ska\u0142ce&#8221; wrzesie\u0144 02.09.2019 17.30 DY\u017bUR ZARZ\u0104DU DZIELNICY 13.09.2019 19.00 POSIEDZENIE RADY DZIELNICY\u00a0 [&hellip;]<\/p>\n","protected":false},"author":1,"featured_media":0,"parent":0,"menu_order":0,"comment_status":"closed","ping_status":"closed","template":"","meta":{"footnotes":""},"class_list":["post-108","page","type-page","status-publish","hentry"],"yoast_head":"<!-- This site is optimized with the Yoast SEO plugin v21.5 - https:\/\/yoast.com\/wordpress\/plugins\/seo\/ -->\n<title>TERMINY - RADA DZIELNICY KAMIONKA<\/title>\n<meta name=\"robots\" content=\"index, follow, max-snippet:-1, max-image-preview:large, max-video-preview:-1\" \/>\n<link rel=\"canonical\" href=\"https:\/\/mikolowkamionka.pl\/?page_id=108\" \/>\n<meta property=\"og:locale\" content=\"pl_PL\" \/>\n<meta property=\"og:type\" content=\"article\" \/>\n<meta property=\"og:title\" content=\"TERMINY - RADA DZIELNICY KAMIONKA\" \/>\n<meta property=\"og:description\" content=\"TERMINARZ RADY DZIELNICY KAMIONKA w Miko\u0142owie na rok 2019\/2020 lp. data godzina WYDARZENIE czerwiec 07.06.2019 18.00 POSIEDZENIE RADY DZIELNICY\u00a0 13.06.2019 19.00 POSIEDZENIE RADY DZIELNICY\u00a0 lipiec 22.07.2019 19.00 POSIEDZENIE RADY DZIELNICY\u00a0 sierpie\u0144 05.08.2019 17.30 DY\u017bUR ZARZ\u0104DU DZIELNICY 31.08.2019 17.00 FESTYN na zako\u0144czenie lata na &#8220;Ska\u0142ce&#8221; wrzesie\u0144 02.09.2019 17.30 DY\u017bUR ZARZ\u0104DU DZIELNICY 13.09.2019 19.00 POSIEDZENIE RADY DZIELNICY\u00a0 [&hellip;]\" \/>\n<meta property=\"og:url\" content=\"https:\/\/mikolowkamionka.pl\/?page_id=108\" \/>\n<meta property=\"og:site_name\" content=\"RADA DZIELNICY KAMIONKA\" \/>\n<meta property=\"article:modified_time\" content=\"2020-01-21T09:04:31+00:00\" \/>\n<meta name=\"twitter:card\" content=\"summary_large_image\" \/>\n<meta name=\"twitter:label1\" content=\"Szacowany czas czytania\" \/>\n\t<meta name=\"twitter:data1\" content=\"1 minuta\" \/>\n<script type=\"application\/ld+json\" class=\"yoast-schema-graph\">{\"@context\":\"https:\/\/schema.org\",\"@graph\":[{\"@type\":\"WebPage\",\"@id\":\"https:\/\/mikolowkamionka.pl\/?page_id=108\",\"url\":\"https:\/\/mikolowkamionka.pl\/?page_id=108\",\"name\":\"TERMINY - RADA DZIELNICY KAMIONKA\",\"isPartOf\":{\"@id\":\"https:\/\/mikolowkamionka.pl\/#website\"},\"datePublished\":\"2019-10-18T22:30:01+00:00\",\"dateModified\":\"2020-01-21T09:04:31+00:00\",\"breadcrumb\":{\"@id\":\"https:\/\/mikolowkamionka.pl\/?page_id=108#breadcrumb\"},\"inLanguage\":\"pl-PL\",\"potentialAction\":[{\"@type\":\"ReadAction\",\"target\":[\"https:\/\/mikolowkamionka.pl\/?page_id=108\"]}]},{\"@type\":\"BreadcrumbList\",\"@id\":\"https:\/\/mikolowkamionka.pl\/?page_id=108#breadcrumb\",\"itemListElement\":[{\"@type\":\"ListItem\",\"position\":1,\"name\":\"Strona g\u0142\u00f3wna\",\"item\":\"https:\/\/mikolowkamionka.pl\/\"},{\"@type\":\"ListItem\",\"position\":2,\"name\":\"TERMINY\"}]},{\"@type\":\"WebSite\",\"@id\":\"https:\/\/mikolowkamionka.pl\/#website\",\"url\":\"https:\/\/mikolowkamionka.pl\/\",\"name\":\"RADA DZIELNICY KAMIONKA\",\"description\":\"w Miko\u0142owie        Informator spo\u0142eczno-kulturalny \",\"potentialAction\":[{\"@type\":\"SearchAction\",\"target\":{\"@type\":\"EntryPoint\",\"urlTemplate\":\"https:\/\/mikolowkamionka.pl\/?s={search_term_string}\"},\"query-input\":\"required name=search_term_string\"}],\"inLanguage\":\"pl-PL\"}]}<\/script>\n<!-- \/ Yoast SEO plugin. -->","yoast_head_json":{"title":"TERMINY - RADA DZIELNICY KAMIONKA","robots":{"index":"index","follow":"follow","max-snippet":"max-snippet:-1","max-image-preview":"max-image-preview:large","max-video-preview":"max-video-preview:-1"},"canonical":"https:\/\/mikolowkamionka.pl\/?page_id=108","og_locale":"pl_PL","og_type":"article","og_title":"TERMINY - RADA DZIELNICY KAMIONKA","og_description":"TERMINARZ RADY DZIELNICY KAMIONKA w Miko\u0142owie na rok 2019\/2020 lp. data godzina WYDARZENIE czerwiec 07.06.2019 18.00 POSIEDZENIE RADY DZIELNICY\u00a0 13.06.2019 19.00 POSIEDZENIE RADY DZIELNICY\u00a0 lipiec 22.07.2019 19.00 POSIEDZENIE RADY DZIELNICY\u00a0 sierpie\u0144 05.08.2019 17.30 DY\u017bUR ZARZ\u0104DU DZIELNICY 31.08.2019 17.00 FESTYN na zako\u0144czenie lata na &#8220;Ska\u0142ce&#8221; wrzesie\u0144 02.09.2019 17.30 DY\u017bUR ZARZ\u0104DU DZIELNICY 13.09.2019 19.00 POSIEDZENIE RADY DZIELNICY\u00a0 [&hellip;]","og_url":"https:\/\/mikolowkamionka.pl\/?page_id=108","og_site_name":"RADA DZIELNICY KAMIONKA","article_modified_time":"2020-01-21T09:04:31+00:00","twitter_card":"summary_large_image","twitter_misc":{"Szacowany czas czytania":"1 minuta"},"schema":{"@context":"https:\/\/schema.org","@graph":[{"@type":"WebPage","@id":"https:\/\/mikolowkamionka.pl\/?page_id=108","url":"https:\/\/mikolowkamionka.pl\/?page_id=108","name":"TERMINY - RADA DZIELNICY KAMIONKA","isPartOf":{"@id":"https:\/\/mikolowkamionka.pl\/#website"},"datePublished":"2019-10-18T22:30:01+00:00","dateModified":"2020-01-21T09:04:31+00:00","breadcrumb":{"@id":"https:\/\/mikolowkamionka.pl\/?page_id=108#breadcrumb"},"inLanguage":"pl-PL","potentialAction":[{"@type":"ReadAction","target":["https:\/\/mikolowkamionka.pl\/?page_id=108"]}]},{"@type":"BreadcrumbList","@id":"https:\/\/mikolowkamionka.pl\/?page_id=108#breadcrumb","itemListElement":[{"@type":"ListItem","position":1,"name":"Strona g\u0142\u00f3wna","item":"https:\/\/mikolowkamionka.pl\/"},{"@type":"ListItem","position":2,"name":"TERMINY"}]},{"@type":"WebSite","@id":"https:\/\/mikolowkamionka.pl\/#website","url":"https:\/\/mikolowkamionka.pl\/","name":"RADA DZIELNICY KAMIONKA","description":"w Miko\u0142owie        Informator spo\u0142eczno-kulturalny ","potentialAction":[{"@type":"SearchAction","target":{"@type":"EntryPoint","urlTemplate":"https:\/\/mikolowkamionka.pl\/?s={search_term_string}"},"query-input":"required name=search_term_string"}],"inLanguage":"pl-PL"}]}},"_links":{"self":[{"href":"https:\/\/mikolowkamionka.pl\/index.php?rest_route=\/wp\/v2\/pages\/108","targetHints":{"allow":["GET"]}}],"collection":[{"href":"https:\/\/mikolowkamionka.pl\/index.php?rest_route=\/wp\/v2\/pages"}],"about":[{"href":"https:\/\/mikolowkamionka.pl\/index.php?rest_route=\/wp\/v2\/types\/page"}],"author":[{"embeddable":true,"href":"https:\/\/mikolowkamionka.pl\/index.php?rest_route=\/wp\/v2\/users\/1"}],"replies":[{"embeddable":true,"href":"https:\/\/mikolowkamionka.pl\/index.php?rest_route=%2Fwp%2Fv2%2Fcomments&post=108"}],"version-history":[{"count":8,"href":"https:\/\/mikolowkamionka.pl\/index.php?rest_route=\/wp\/v2\/pages\/108\/revisions"}],"predecessor-version":[{"id":1137,"href":"https:\/\/mikolowkamionka.pl\/index.php?rest_route=\/wp\/v2\/pages\/108\/revisions\/1137"}],"wp:attachment":[{"href":"https:\/\/mikolowkamionka.pl\/index.php?rest_route=%2Fwp%2Fv2%2Fmedia&parent=108"}],"curies":[{"name":"wp","href":"https:\/\/api.w.org\/{rel}","templated":true}]}}